ed by 4/(-14) + 58/k?
5
Let l = -295819 - -295827. Let a(h) = h**2 + h + 37. Let m be (1 - 0) + (0 - 1). Calculate the remainder when a(m) is divided by l.
5
Let c(w) = -4*w + 212. Suppose -12*q + 987 = 9*q. Calculate the remainder when 74 is divided by c(q).
2
Suppose -3*j - 5*p = 22, 0*j = 4*j + 4*p + 16. Let g be 53/(-212) + j/(8/(-14)). What is the remainder when (8/(-5))/g*(-2 + 37) is divided by 10?
8
Calculate the remainder when 437 is divided by -264*(-23 - -12)/33.
85
Let w = 20888 - 9204. Calculate the remainder when w is divided by 19.
18
What is the remainder when 158 is divided by ((-495)/(-44))/(7/28) - -4?
11
Suppose -w + 140 = -d, 4*w - 8*w + 2*d + 556 = 0. Let t = -8464 - -8502. Calculate the remainder when w is divided by t.
24
Let c(x) = -3*x + 54. Let w be c(17). Suppose w*g - 193 = o, -8*o = -g - 5*o + 67. Calculate the remainder when 254 is divided by g.
62
Suppose 3*g + 18127 = -10*h + 14*h, h - 5*g = 4536. Calculate the remainder when h is divided by 44.
43
Suppose -7*z + 16 = p - 4*z, 5*z = -6*p + 70. Calculate the remainder when 2425 is divided by p.
5
Let m(r) = r**2 + 103*r + 312. Calculate the remainder when 214 is divided by m(-3).
10
Let q = -48 + 68. Let s be (-15)/2*(q/(-6) - -4). What is the remainder when (-2)/s + 1818/30 is divided by 8?
5
Suppose 0 = 5*z - 8*r - 146, -3*z = -4*r - 23 - 59. What is the remainder when ((-1)/3)/((-1)/159) is divided by z?
17
Let s = -2361 - -2422. What is the remainder when s is divided by 8?
5
Suppose 5*s = -2*r + 100 + 116, 3*s - 460 = -4*r. What is the remainder when 466 is divided by r?
112
Suppose 122*b - 114137 - 153411 = -97724. Calculate the remainder when b is divided by 284.
256
Let w = 6676 + -6675. Suppose -v + 22 = -0*v. Calculate the remainder when v is divided by w.
0
Suppose s - 107 = 4*v + 81, 0 = 3*s + 2*v - 550. Calculate the remainder when 899 is divided by s.
163
Calculate the remainder when 108/14*1995/855 is divided by 2 - (3 - -1)/(-2).
2
Suppose n - 61 = -2*s + 137, 0 = -n + 3*s + 218. Suppose 5*b = l + n, -27*l = 3*b - 25*l - 121. What is the remainder when b is divided by 11?
8
Suppose 18 + 48 = 3*o. Suppose 0 = -35*t + 34 + 1. What is the remainder when (342/8)/t + (-453)/604 is divided by o?
20
Let p(z) = z**3 - 4*z**2 - 2*z - 2. Let i be p(4). Let n be i - (2 + (0 - -1)). What is the remainder when 103 is divided by (3/3)/((-1)/n)?
12
Let c(s) = s**3 - 17*s**2 + 2*s - 38. Let q be c(17). What is the remainder when 173 is divided by 1054/30 - q/(-30)?
33
Let h(l) = 57*l**2 + l - 3. Let i be h(2). Suppose -4*c - i = -3*v, 5*c + 0*c - 282 = -4*v. Calculate the remainder when v is divided by 37.
36
Let r = -3651 - -3676. Calculate the remainder when 299 is divided by r.
24
Suppose 5*k = 5*s - 230, 27*s + 3*k = 28*s - 56. Calculate the remainder when s is divided by 2.
1
Let o = 3374 - 3191. Calculate the remainder when o is divided by 172.
11
Let b = -60 + 50. What is the remainder when (-2)/(-6)*(90*-18)/b is divided by 30?
24
Suppose 2*d + b - 142 = 0, 422*b = -3*d + 420*b + 215. What is the remainder when 470 is divided by d?
56
Let r = 19432 + -17953. Calculate the remainder when r is divided by 38.
35
Let h be (-8)/4*(1 - 6/(-4)). Let j(m) = 1. Let p(k) = -2*k**2 - 2*k + 10. Let l(c) = -5*j(c) - p(c). What is the remainder when 73 is divided by l(h)?
23
Suppose 0 = -5*q - 5, 39*q - 44*q + 631 = 2*y. What is the remainder when y is divided by 71?
34
Let w(x) = x**3 - 2*x**2 + 2*x - 4. Let i be w(5). Let n = -47 - -4. Let v = n + i. Calculate the remainder when v is divided by 10.
8
Suppose 0 = -20*m + 23271 + 16729. What is the remainder when m is divided by 23?
22
Let f(s) be the third derivative of 5*s**4/24 - 11*s**3/2 + 17*s**2. Let q be f(12). Suppose 0 = 13*a - 16*a + q. What is the remainder when 59 is divided by a?
5
Suppose 474 = p - 5*y, -3*y - 245 = 3*p - 1631. Calculate the remainder when p is divided by 51.
5
Suppose -5*b = -31*u + 32*u - 35, 4*u - 3*b = 71. Calculate the remainder when 171 is divided by u.
11
Suppose -147 = -51*y + 30*y. Suppose -4*f = i - y*f - 84, -3*i = 3*f - 300. What is the remainder when 377 is divided by i?
89
Let p(a) = 2*a**3 + a**2 + 4*a. Let g(m) = 10*m**2 + 9*m + 22. What is the remainder when p(7) is divided by g(-3)?
83
Suppose -5*d = 4*u - d - 32, 2*d - 12 = -u. Suppose u*x + 24 = s, s + x + x = 12. Calculate the remainder when 44 is divided by s.
12
Let a be 5/6*15*84/10. Let m = a + -75. What is the remainder when m is divided by 8?
6
Suppose r - 14 = -5*z, -3 - 5 = -2*r. Let j be (z - 1)/(6/12). Suppose -61 = -5*d - j*k + 118, -3*d - k = -107. What is the remainder when 99 is divided by d?
29
Let z(p) = -7*p + 7. Let h be z(1). Let a be (h + -7 - 28)*22/(-5). Suppose 12*g - 218 = a. What is the remainder when 120 is divided by g?
27
Let r(o) = o**3 + 8*o**2 + 8*o + 7. Suppose -6*x = -4*x + 10. What is the remainder when 121 is divided by r(x)?
37
Let b(d) = -46*d + 15. Let n be b(3). Let w = n + 145. What is the remainder when 81 is divided by w?
15
Let b(g) = -g**3 - 13*g**2 + 191*g - 63. Calculate the remainder when 816 is divided by b(-22).
88
Let t = -387 - -392. Suppose 4*g - 49 = -4*b + 11, -t*g + 11 = b. Calculate the remainder when 219 is divided by b.
11
Suppose 4*k + 8*y = 3*y + 235, 2*y = -2*k + 120. Suppose 0 = 2*b + 5*v - k, -34 = -b - 11*v + 8*v. What is the remainder when 99 is divided by b?
24
Let x(l) = l**2 + 7*l - 19. Let i be x(10). Let q = i - 71. What is the remainder when q is divided by 4?
0
Suppose 208 - 2629 = -23*h - 98. Calculate the remainder when 467 is divided by h.
63
Let u(o) = -59*o + 664. Suppose 0 = -2*c - 5*v + 16, -c - 4*v + 12 = c. Calculate the remainder when u(9) is divided by -2 - c - 34/(-1).
31
Suppose -5*z + 44 = -56. Suppose 3*p - p = -k + 28, -5*p = -2*k + z. Calculate the remainder when 37 is divided by k.
17
Let t = -40 + 57. Calculate the remainder when 1113/36 - (-10)/120 is divided by t.
14
Suppose 72*m + 1274 = 79*m. Let k = 286 - m. Calculate the remainder when k is divided by 30.
14
Let b = 8 + -13. Suppose -s - 3*i + 12 = 3*s, -20 = -5*i. What is the remainder when 31 is divided by ((-8)/b)/(1/5 + s)?
7
Suppose 6959 + 2221 = 30*z. What is the remainder when z is divided by 36?
18
Let u = 7596 + -6716. What is the remainder when u is divided by 20?
0
Suppose -215*g + 1162 = -357 - 1491. Let d(a) = -a - 7. Let u be d(-5). Calculate the remainder when (-1 + -1)*25/u is divided by g.
11
Let r(x) = -519*x - 5177. Calculate the remainder when 569 is divided by r(-10).
10
Let d(h) = 6*h + 94. Let o(p) = 6*p + 94. Let v(l) = -6*d(l) + 5*o(l). Calculate the remainder when 19 is divided by v(-16).
1
Let s(j) = -4729*j - 80255. Let w be 2*(-1)/3*3. What is the remainder when s(-17) is divided by 213/6 - (-1)/w?
33
Suppose 27*m + 11382 = 48*m. What is the remainder when m is divided by 16?
14
Let p = 19979 + -19342. Calculate the remainder when 3197 is divided by p.
12
Let w(z) = 23*z + 259. Let h be w(-37). Let f = -525 - h. Calculate the remainder when f is divided by -2*17/(-8)*4.
16
Suppose -44*m + 35*m = -90. Suppose -m*k - 6 = -8*k, 3*k = 5*c - 104. What is the remainder when 124 is divided by c?
10
Let l be 12/7 + -2 + (-95211)/(-63). Suppose 175 = -8*h + l. What is the remainder when h is divided by 14?
13
Suppose 0 = 67*s - 64*s - 2*g - 945, 0 = 4*g + 12. Let h be 1748/(-8) - (-1)/2. Let d = h + s. What is the remainder when d is divided by 20?
15
Let k = -53 + 161. Let t = -80 + k. What is the remainder when 134 is divided by t?
22
Suppose -2*a + 626 = 4*r, -2*a - 3*r = -5*a + 894. Suppose 5*u - 78 = -j, -403*u = 5*j - 408*u - 390. Calculate the remainder when a is divided by j.
69
Suppose -67*u + 4606 = -62*u + 3*q, -u = -q - 918. Calculate the remainder when u is divided by 103.
96
Suppose 70 = 4*f + 4*v - 6, 0 = f + 4*v - 1. What is the remainder when 6420 is divided by f?
20
What is the remainder when ((-15686)/(-121) + 5)*22 is divided by 11?
3
Suppose -s + 4 = 0, 0 = -310*a + 309*a + 2*s + 1320. What is the remainder when a is divided by 46?
40
Let y(d) = 23*d**3 - d**2 - d - 1. Let m be y(-1). Let n(l) = -l**2 - 7*l - 13. Let q be n(-3). What is the remainder when 18 is divided by (-1)/(m/(-26) + q)?
5
Suppose 4*b - j - 899 = 0, -3*j 